+ h - 1. Let u(i) = 6*m(i) + q(i). Let s be u(-1). Calculate the greatest common factor of s and 20.
10
Let x(w) = 2*w**3 - 2*w**2 - w + 3. Let n be x(3). Suppose -76 = -11*f + 188. Calculate the greatest common factor of f and n.
12
Let q(u) = u**2 - 2*u - 5. Let b be q(5). Calculate the highest common divisor of 90 and b.
10
Let m(u) = -18*u + 2. Let p be m(-6). Suppose -5*g + 6*g = 10. What is the greatest common factor of g and p?
10
Let k(y) = 2*y**2 - 6*y - 4. Let i be k(-3). What is the highest common factor of 352 and i?
32
Suppose 5*c + 25 = 2*p - 0*c, -4*c + 52 = 2*p. Let k(t) = t**3 + 2*t**2 - 3*t - 2. Let u be k(-2). What is the highest common factor of u and p?
4
Let u(b) = b**2 + 11*b - 18. Let a be u(-13). Calculate the highest common divisor of 32 and a.
8
Let z(n) = 2*n**2 + 4*n + 2. Suppose 3*j + 2*j + 45 = 0. Let v be z(j). What is the greatest common divisor of v and 16?
16
Let n(t) = -t**3 + 6*t**2 - 2*t + 3. Let i be n(4). Let u(j) = 6*j. Let x be u(3). What is the greatest common factor of i and x?
9
Suppose -5*n - 6 = -3*n. Suppose 0 = 2*l - y - 3, 0 = -5*l - 4*y + 2*y - 6. Let a be 6 + n + (l - 1). What is the highest common divisor of a and 22?
2
Suppose 10 = 4*c - 22. Calculate the greatest common factor of 1 and c.
1
Suppose 4*p = 16, -5*q - 2*p - 5 = -28. Let k be (q/(-2))/((-15)/280). Calculate the highest common divisor of 4 and k.
4
Let x be (-1 + 58)*5/(-20)*-4. Calculate the highest common factor of 19 and x.
19
Let k be (-2)/2 - 1*9. Let t = -20 + 2. Let s = k - t. Calculate the greatest common factor of 32 and s.
8
Suppose 19 = c - 8. Let t be (-4)/2*(-2 - -1). Suppose -2*z + 3*b + 3 = 0, z - 4 = -z + t*b. Calculate the highest common divisor of z and c.
3
Suppose 2*c - 41 = -4*t - 17, 12 = 4*t. Suppose c = 4*u - 2*u. Calculate the greatest common divisor of u and 27.
3
Let m = 6 + -4. Suppose i - m*i + 3*q - 1 = 0, -4*i + 3*q + 5 = 0. Suppose -5*z + 6 = -0*o - o, -o = 3*z - i. Calculate the greatest common factor of z and 8.
1
Let w be 2/8 - 1113/(-28). Suppose -3*p = 2*d - 32, -2*d + d - 3*p = -16. What is the highest common factor of d and w?
8
Let d(o) = 3*o - 2. Let u be d(-2). Let v = u - -9. Suppose -19 = -5*j + v. What is the highest common divisor of j and 1?
1
Suppose -o - 4*i - 19 = -0*i, -2*o - 18 = 3*i. Let n = o - -51. Calculate the highest common divisor of 12 and n.
12
Let y(d) = 1633*d - 1. Let z be y(1). Suppose 6*a - 3*a = -z. Let v be a/(-18) + (-8)/36. What is the greatest common factor of v and 20?
10
Let d be -8 - -11 - (1 + 0). Suppose -b = 3*r - 15, d*b - 5*b + 40 = 4*r. Calculate the greatest common factor of b and 3.
3
Suppose -4*p + 3*h + 42 = 0, -p = p + 2*h - 28. Suppose b + 0*w = -w + p, -2*b + 4*w + 6 = 0. Calculate the highest common factor of b and 9.
9
Let w(x) = -2*x**3 + x**2 - x - 8. Let f be w(-3). Calculate the greatest common factor of f and 87.
29
Let r = 158 - 156. Let i be 1*(-2)/(2/(-5)). Suppose -i*g + 33 = -7. What is the greatest common factor of g and r?
2
Let z = 151 + -123. What is the highest common factor of 252 and z?
28
Let b = -32 + 10. Suppose -x = 3 - 1. Let r be (b/4)/(1/x). What is the highest common factor of r and 55?
11
Let l = 253 + -209. Calculate the greatest common factor of l and 44.
44
Suppose 5*z + 203 = 4*i, -3*i + 3*z - 159 = -6*i. What is the greatest common divisor of 26 and i?
26
Let f(d) = d + 28. Let z be f(-10). Let x(c) = -23*c - 1. Let u be x(-2). Calculate the greatest common factor of z and u.
9
Let m be 18/4*(-44)/(-6). Suppose 5*t - 51 = -0*a - 2*a, m = 5*t - 4*a. Let p = t + -2. What is the greatest common divisor of p and 1?
1
Suppose 2*z - 119 = -3*g, 3*g + 2*z - 127 = 4*z. Suppose 3*x - 1 = g. Let o(d) = -9*d - 1. Let u be o(-4). Calculate the highest common divisor of x and u.
7
Let m = 1 - 1. Suppose m = -6*g + g. Suppose g = 5*c - 26 - 74. What is the greatest common divisor of 8 and c?
4
Let o(q) = -q + 6. Let j be o(-6). Let w = -74 - -98. Calculate the greatest common factor of j and w.
12
Let y be (3 + -2)/((-1)/(-21)). Let r = 3 + 4. Calculate the highest common factor of r and y.
7
Suppose 8*b = -2*b + 920. What is the highest common factor of 23 and b?
23
Suppose -2*h - 141 = 57. Let k be (-2)/8*(-5 + -711). Let o = k + h. What is the highest common factor of o and 10?
10
Suppose 3*r = 4*r - 56. Let s = 19 + r. Calculate the greatest common divisor of 15 and s.
15
Suppose 3*h - 3*v = 204, 2*v - 62 = h - 2*h. What is the greatest common divisor of h and 6?
6
Suppose -4*q - 3 = 17. Let z be 324/20 - (-1)/q. Calculate the greatest common divisor of z and 32.
16
Let i = 105 + -57. Suppose 0*m + i = 4*m. What is the greatest common factor of m and 8?
4
Suppose -16 = 5*p - 26. Calculate the highest common factor of 7 and p.
1
Let l be 3/(((-18)/10)/(-3)). Suppose l*k - 10 = c, -11 = 4*k + c + 2*c. Calculate the highest common divisor of k and 2.
1
Suppose -o + 3*o + 136 = 5*l, l = -o + 30. Calculate the highest common factor of 42 and l.
14
Let p = 42 + -40. What is the highest common factor of p and 3?
1
Let a = -20 + 124. Let t be (((-26)/(-1))/(-1))/(-2). What is the greatest common factor of t and a?
13
Suppose 3*n + 5 = 23. Calculate the highest common factor of 9 and n.
3
Let z = 39 - 14. Let v be 6/(-5)*-1*z. Suppose o - v = -4*o. What is the highest common divisor of o and 48?
6
Let o = -2 - -6. Let y be 3/o + 285/4. Let h be (-2)/(2/((-8)/1)). What is the highest common factor of h and y?
8
Let c be (0 - 0)*2/2. Let g(m) = m**2 + m + 18. Let v be g(c). Let y = 226 + -136. Calculate the greatest common factor of y and v.
18
Let z(h) = h**3 - 7*h**2 + 15*h - 10. Let m be z(7). Calculate the greatest common divisor of m and 19.
19
Let m be 9 + (3 + -7 - -4). Suppose 3*a - 30 = 3*k, -5*k = a - 2*a + 26. Calculate the greatest common divisor of m and a.
3
Suppose 142 = -4*b + 54. Let k = b - -196. Let o = -69 + k. Calculate the greatest common divisor of o and 15.
15
Suppose 2 + 0 = h. Suppose h*s - 6*s = -120. What is the highest common divisor of s and 10?
10
Suppose -s - 3*s = 8. Let f be s/15*12*-10. Calculate the greatest common divisor of 24 and f.
8
Suppose 15*o + 139 = 484. Calculate the greatest common divisor of o and 253.
23
Let j be (-3)/12*-2*-2. Let z(q) = q**2 - 1. Let n be z(j). Suppose c - 5*c + 60 = n. Calculate the highest common divisor of c and 90.
15
Let i = -117 + 173. What is the greatest common divisor of 7 and i?
7
Let t(r) = -11*r + 2 + 6*r + 4*r. Let n be t(0). Calculate the greatest common factor of n and 14.
2
Suppose 4*l - 20 = -4, -5*u - 2*l - 12 = 0. Suppose -r - 5 + 15 = 0. Let q = u + r. What is the highest common factor of q and 15?
3
Let h = 74 + -44. Calculate the highest common divisor of h and 20.
10
Suppose -w = p - 101, 110 + 314 = 4*p - w. Suppose 4*c = 5*c - 42. What is the highest common factor of p and c?
21
Let y be 83/3 + (-4)/(-12). Suppose 6*s - 174 = 78. Calculate the greatest common factor of s and y.
14
Let h be (149 - (-4 - -1)) + 2. Suppose -n = -0*n - h. Calculate the greatest common divisor of n and 22.
22
Let t(q) be the third derivative of -q**6/120 - q**5/10 + q**4/4 + q**3/2 + 2*q**2. Let j be t(-7). Calculate the greatest common factor of j and 40.
10
Let f(w) be the first derivative of -w**3/3 - 9*w**2/2 - 9*w - 1. Let k be f(-6). Calculate the greatest common divisor of 3 and k.
3
Let q(c) = c. Let p(r) = 6*r. Let z(y) = -p(y) + 2*q(y). Let g be 4/(-14) + 38/(-14). Let h be z(g). Calculate the highest common divisor of h and 132.
12
Let u be (-20)/15*-4*(-30)/(-4). What is the highest common divisor of 30 and u?
10
Suppose -8*j = -10*j + 18. What is the greatest common divisor of 6 and j?
3
Suppose 4*n - 112 - 224 = 0. What is the highest common factor of 14 and n?
14
Let r(y) = 4*y**2 - 6. Let c be r(3). Calculate the highest common divisor of 10 and c.
10
Suppose 0 = p + 4*b + 22, b + 21 + 22 = -4*p. Let u = -9 - p. Suppose -3*w = -0*w - 21. Calculate the highest common divisor of u and w.
1
Suppose -1 = -2*v + 47. What is the greatest common divisor of v and 72?
24
Let p be 7/21*(1 - -86). Let w = p + -17. Calculate the greatest common factor of w and 6.
6
Let w = -4 - -10. Let v be 3/(1/28*w). Suppose 2*s = -3*s + 630. Calculate the greatest 